{"id":56,"date":"2017-04-15T14:24:57","date_gmt":"2017-04-15T12:24:57","guid":{"rendered":"https:\/\/vps4.virtualservers.es\/?page_id=56"},"modified":"2020-01-30T19:24:58","modified_gmt":"2020-01-30T18:24:58","slug":"contactar","status":"publish","type":"page","link":"https:\/\/vps4.virtualservers.es\/?page_id=56","title":{"rendered":"Contactar"},"content":{"rendered":"<section class=\"l-section wpb_row height_small\"><div class=\"l-section-h i-cf\"><div class=\"g-cols vc_row type_default valign_top\"><div class=\"vc_col-sm-12 wpb_column vc_column_container\"><div class=\"vc_column-inner\"><div class=\"wpb_wrapper\"><div class=\"g-cols wpb_row type_default valign_top vc_inner \"><div class=\"vc_col-sm-8 wpb_column vc_column_container\"><div class=\"vc_column-inner\"><div class=\"wpb_wrapper\">\r\n\t<div class=\"wpb_text_column \">\r\n\t\t<div class=\"wpb_wrapper\">\r\n\t\t\t<h1>Contactar<\/h1>\n\r\n\t\t<\/div>\r\n\t<\/div>\r\n\r\n\t<div class=\"wpb_text_column \">\r\n\t\t<div class=\"wpb_wrapper\">\r\n\t\t\t<p class=\"normal aumentarfuente\">Para cualquier duda, pregunta o sugerencia, contacta con nosotros llamando al tel\u00e9fono <a href=\"tel:+34968898049\"><strong>968 898 049<\/strong><\/a> o envi\u00e1ndonos el formulario siguiente.<\/p>\n\r\n\t\t<\/div>\r\n\t<\/div>\r\n<div class=\"w-separator type_invisible size_small thick_1 style_solid color_border cont_none\"><span class=\"w-separator-h\"><\/span><\/div>\r\n\t<div class=\"wpb_text_column \">\r\n\t\t<div class=\"wpb_wrapper\">\r\n\t\t\t<div role=\"form\" class=\"wpcf7\" id=\"wpcf7-f288-o1\" lang=\"es-ES\" dir=\"ltr\">\n<div class=\"screen-reader-response\"><\/div>\n<form action=\"\/index.php?rest_route=%2Fwp%2Fv2%2Fpages%2F56#wpcf7-f288-o1\" method=\"post\" class=\"wpcf7-form\" novalidate=\"novalidate\">\n<div style=\"display: none;\">\n<input type=\"hidden\" name=\"_wpcf7\" value=\"288\" \/>\n<input type=\"hidden\" name=\"_wpcf7_version\" value=\"5.0.5\" \/>\n<input type=\"hidden\" name=\"_wpcf7_locale\" value=\"es_ES\" \/>\n<input type=\"hidden\" name=\"_wpcf7_unit_tag\" value=\"wpcf7-f288-o1\" \/>\n<input type=\"hidden\" name=\"_wpcf7_container_post\" value=\"0\" \/>\n<\/div>\n<div class=\"oculto\" tabindex=\"-1\"><span class=\"wpcf7-form-control-wrap quiz-467\"><label><span class=\"wpcf7-quiz-label\">subject<\/span> <input type=\"text\" name=\"quiz-467\" size=\"40\" class=\"wpcf7-form-control wpcf7-quiz\" autocomplete=\"off\" aria-required=\"true\" aria-invalid=\"false\" \/><\/label><input type=\"hidden\" name=\"_wpcf7_quiz_answer_quiz-467\" value=\"7d2a8cf595bcb43968036f5cbda4d35b\" \/><\/span><\/div>\n<div class=\"fila\">\n<div class=\"media\"><span class=\"wpcf7-form-control-wrap your-subject\"><input type=\"text\" name=\"your-subject\" value=\"\" size=\"40\" class=\"wpcf7-form-control wpcf7-text wpcf7-validates-as-required\" aria-required=\"true\" aria-invalid=\"false\" placeholder=\"Asunto*\" \/><\/span><\/div>\n<div class=\"media\"><span class=\"wpcf7-form-control-wrap your-name\"><input type=\"text\" name=\"your-name\" value=\"\" size=\"40\" class=\"wpcf7-form-control wpcf7-text wpcf7-validates-as-required\" aria-required=\"true\" aria-invalid=\"false\" placeholder=\"Nombre*\" \/><\/span><\/div>\n<\/div>\n<div class=\"fila\">\n<div class=\"media\"><span class=\"wpcf7-form-control-wrap your-email\"><input type=\"email\" name=\"your-email\" value=\"\" size=\"40\" class=\"wpcf7-form-control wpcf7-text wpcf7-email wpcf7-validates-as-required wpcf7-validates-as-email\" aria-required=\"true\" aria-invalid=\"false\" placeholder=\"Email*\" \/><\/span><\/div>\n<div class=\"media\"><span class=\"wpcf7-form-control-wrap your-tel\"><input type=\"tel\" name=\"your-tel\" value=\"\" size=\"40\" class=\"wpcf7-form-control wpcf7-text wpcf7-tel wpcf7-validates-as-required wpcf7-validates-as-tel\" aria-required=\"true\" aria-invalid=\"false\" placeholder=\"Tel\u00e9fono de contacto\" \/><\/span><\/div>\n<\/div>\n<div class=\"fila\">\n<div class=\"completa\"><span class=\"wpcf7-form-control-wrap your-message\"><textarea name=\"your-message\" cols=\"40\" rows=\"10\" class=\"wpcf7-form-control wpcf7-textarea wpcf7-validates-as-required\" aria-required=\"true\" aria-invalid=\"false\" placeholder=\"Mensaje*\"><\/textarea><\/span><\/div>\n<\/div>\n<p><span class=\"wpcf7-form-control-wrap consentimiento\"><span class=\"wpcf7-form-control wpcf7-acceptance\"><span class=\"wpcf7-list-item\"><label><input type=\"checkbox\" name=\"consentimiento\" value=\"1\" aria-invalid=\"false\" \/><span class=\"wpcf7-list-item-label\">He le\u00eddo y acepto la <a href=\"https:\/\/vps4.virtualservers.es\/privacidad-y-cookies\/\" target=\"_blank\">pol\u00edtica de privacidad<\/a><\/span><\/label><\/span><\/span><\/span><\/p>\n<div class=\"fila\">\n<div class=\"completa\"><input type=\"submit\" value=\"Enviar\" class=\"wpcf7-form-control wpcf7-submit\" \/><\/div>\n<\/div>\n<div class=\"wpcf7-response-output wpcf7-display-none\"><\/div><\/form><\/div>\n\r\n\t\t<\/div>\r\n\t<\/div>\r\n<div class=\"w-separator type_invisible size_medium thick_1 style_solid color_border cont_none\"><span class=\"w-separator-h\"><\/span><\/div><\/div><\/div><\/div><div class=\"vc_col-sm-4 wpb_column vc_column_container\"><div class=\"vc_column-inner\"><div class=\"wpb_wrapper\">\r\n\t<div class=\"wpb_text_column \">\r\n\t\t<div class=\"wpb_wrapper\">\r\n\t\t\t<p style=\"text-align: center; background: #efefef; padding-bottom: .3em;\"><img loading=\"lazy\" class=\"wp-image-389 size-full\" src=\"https:\/\/vps4.virtualservers.es\/wp-content\/uploads\/2017\/04\/servicio-tecnico.jpg\" alt=\"Servicio y atenci\u00f3n\" width=\"670\" height=\"206\" srcset=\"https:\/\/vps4.virtualservers.es\/wp-content\/uploads\/2017\/04\/servicio-tecnico.jpg 670w, https:\/\/vps4.virtualservers.es\/wp-content\/uploads\/2017\/04\/servicio-tecnico-621x191.jpg 621w, https:\/\/vps4.virtualservers.es\/wp-content\/uploads\/2017\/04\/servicio-tecnico-150x46.jpg 150w, https:\/\/vps4.virtualservers.es\/wp-content\/uploads\/2017\/04\/servicio-tecnico-234x72.jpg 234w, https:\/\/vps4.virtualservers.es\/wp-content\/uploads\/2017\/04\/servicio-tecnico-284x87.jpg 284w\" sizes=\"(max-width: 670px) 100vw, 670px\" \/><br \/>\n<span class=\"negrita\" style=\"font-size: 1.3em;\">968 898 049<\/span><\/p>\n\r\n\t\t<\/div>\r\n\t<\/div>\r\n<div class=\"w-separator type_invisible size_medium thick_1 style_solid color_border cont_none\"><span class=\"w-separator-h\"><\/span><\/div>[vc_widget_sidebar sidebar_id=&#8221;us_widget_area_suscripcin&#8221;]<\/div><\/div><\/div><\/div><\/div><\/div><\/div><\/div><\/div><\/section><section class=\"l-section wpb_row height_auto width_full\"><div class=\"l-section-h i-cf\"><div class=\"g-cols vc_row type_default valign_top\"><div class=\"vc_col-sm-12 wpb_column vc_column_container\"><div class=\"vc_column-inner\"><div class=\"wpb_wrapper\"><div class=\"w-map\" id=\"us_map_1\" style=\"height: 400px\"><div class=\"w-map-h\"><\/div><div class=\"w-map-json\" onclick='return {&quot;address&quot;:&quot;37.959034, -1.201069&quot;,&quot;markers&quot;:[{&quot;address&quot;:&quot;37.959034, -1.201069&quot;,&quot;html&quot;:&quot;&lt;h6&gt;NORMATEX\\n&lt;a href=\\&quot;https:\\\/\\\/www.google.com\\\/maps\\\/place\\\/NORMATEX+Ingenier%C3%ADa+contra+incendios\\\/@37.9592285,-1.2031889,17z\\\/data=!3m1!4b1!4m5!3m4!1s0xd637feecb6b32d3:0x54eb8946a9c8a67c!8m2!3d37.9592243!4d-1.2010002?hl=es-ES\\&quot; target=\\&quot;_blank\\&quot;&gt;&lt;br \\\/&gt;C\\u00f3mo llegar&lt;\\\/a&gt;&lt;\\\/h6&gt;&quot;,&quot;infowindow&quot;:&quot;1&quot;}],&quot;zoom&quot;:16,&quot;maptype&quot;:&quot;ROADMAP&quot;,&quot;height&quot;:&quot;400&quot;,&quot;disableZoom&quot;:true}'><\/div><\/div><\/div><\/div><\/div><\/div><\/div><\/section>\n","protected":false},"excerpt":{"rendered":"Contactar Para cualquier duda, pregunta o sugerencia, contacta con nosotros llamando al tel\u00e9fono 968 898 049 o envi\u00e1ndonos el formulario siguiente. subject He le\u00eddo y acepto la pol\u00edtica de privacidad 968 898 049 [vc_widget_sidebar sidebar_id=\"us_widget_area_suscripcin\"]","protected":false},"author":2,"featured_media":0,"parent":0,"menu_order":40,"comment_status":"closed","ping_status":"closed","template":"","meta":[],"yst_prominent_words":[],"_links":{"self":[{"href":"https:\/\/vps4.virtualservers.es\/index.php?rest_route=\/wp\/v2\/pages\/56"}],"collection":[{"href":"https:\/\/vps4.virtualservers.es\/index.php?rest_route=\/wp\/v2\/pages"}],"about":[{"href":"https:\/\/vps4.virtualservers.es\/index.php?rest_route=\/wp\/v2\/types\/page"}],"author":[{"embeddable":true,"href":"https:\/\/vps4.virtualservers.es\/index.php?rest_route=\/wp\/v2\/users\/2"}],"replies":[{"embeddable":true,"href":"https:\/\/vps4.virtualservers.es\/index.php?rest_route=%2Fwp%2Fv2%2Fcomments&post=56"}],"version-history":[{"count":0,"href":"https:\/\/vps4.virtualservers.es\/index.php?rest_route=\/wp\/v2\/pages\/56\/revisions"}],"wp:attachment":[{"href":"https:\/\/vps4.virtualservers.es\/index.php?rest_route=%2Fwp%2Fv2%2Fmedia&parent=56"}],"wp:term":[{"taxonomy":"yst_prominent_words","embeddable":true,"href":"https:\/\/vps4.virtualservers.es\/index.php?rest_route=%2Fwp%2Fv2%2Fyst_prominent_words&post=56"}],"curies":[{"name":"wp","href":"https:\/\/api.w.org\/{rel}","templated":true}]}}